= 19 + -5. Suppose -y - g = -3*y - b, -5*b = -2*y + 38. What are the prime factors of y?
3
Suppose 5*k - 1856 = 2*u, 2*k = 3*u + u + 736. List the prime factors of k.
2, 3, 31
Suppose -3*i + 7 = -4*d, -2*i - d - 6 = -18. Suppose -5*k - 4*o + 134 = 0, -k + 71 = -3*o + 29. Suppose -i*c = -2*c - k. What are the prime factors of c?
2, 5
Suppose -3*q + q = -40. What are the prime factors of -1 + 2 + q/2?
11
Let q(p) = 2*p**2 + 43*p + 48. What are the prime factors of q(-27)?
3, 5, 23
Let z = -6 - -10. Suppose -g - z*s = -2*s - 10, -3*g = -s - 23. List the prime factors of g.
2
Let u(f) = -3 - 7*f**2 + 2 - 4 + 11*f. Let k(n) = -3*n**2 + 6*n - 2. Let d(r) = 5*k(r) - 2*u(r). List the prime factors of d(7).
7
Suppose 4*n + 0 = -4. Let y(w) = -10*w**3. Let k be y(n). What are the prime factors of 5/2*8/k?
2
Suppose -57 = 5*l + 63. Let w be (2/(-6))/(2/l). Suppose w*c = -2*t + 20, -3*t - 15 = 3*c - 6*c. List the prime factors of c.
5
Suppose -r - 2*r + 39 = 0. Let i = r + -8. List the prime factors of i.
5
Let g be (-20)/(-6)*24/20. Let z be (-7)/(-1) + g + -6. Suppose 0*d = -d + z*x + 4, -4*x - 62 = -5*d. List the prime factors of d.
2, 7
Let k = 34 + -66. What are the prime factors of ((-114)/(-8))/((-12)/k)?
2, 19
What are the prime factors of 1/((-3)/9*1) + 291?
2, 3
Let p = -149 + 257. List the prime factors of p.
2, 3
Suppose 0 = 4*w + 4*t + 14 - 66, t - 5 = 0. Let s(r) = -r**3 + 7*r**2 + 11*r - 11. List the prime factors of s(w).
13
What are the prime factors of (-84)/(-147) + (-1606)/(-7)?
2, 5, 23
Suppose -4*c + 34 = -6. Suppose -5*t + 1 = 3*j, 0 = 3*j - 0*j - 5*t + 49. What are the prime factors of (j/c)/((-5)/25)?
2
Let y(k) = k - 4. Let i be y(6). Let o(w) = -w**2 - 6*w - 3. Let g be o(-4). Suppose i*v - 3*z - 36 = -11, -3*v = g*z - 9. What are the prime factors of v?
2
Let d(c) = c**3 - 11*c**2 + 9*c + 10. Let s be d(10). Let m(p) = p**2 - p + 6. List the prime factors of m(s).
2, 3
Suppose 3*p = 4*i - 24, 0*p - 4*p + 16 = 0. Suppose -5*z + 16 = -i. What are the prime factors of z?
5
Let j(i) = -i**3 + 6*i**2 + 3*i - 8. Let l(o) = o**2 - o - 2. Let m be l(2). Let t be (m - 12)*(-4)/8. List the prime factors of j(t).
2, 5
Let b(m) = -6*m - 1. Let g(u) = -5*u**2 + u. Let y be g(-1). What are the prime factors of b(y)?
5, 7
Let m(j) = -4*j**2 + 3*j. Let n be m(3). Let l = -31 + 14. Let t = l - n. List the prime factors of t.
2, 5
Let m(v) = 2*v + 40. List the prime factors of m(0).
2, 5
Suppose 2*j = -2*j + 16. Suppose j = -h + 9. What are the prime factors of h?
5
Suppose 3*w + 3*c + 0*c - 18 = 0, 5*c + 60 = 5*w. Let b = 2 + w. List the prime factors of b.
11
Let b be 5/10*(-1 - -11). What are the prime factors of b - 2 - 3 - -10?
2, 5
Let k = 66 - 30. Suppose 4 = -4*j - k. What are the prime factors of 4/j + 74/10?
7
Let t = 7 - 3. Suppose 2*w - 12 = -2*u, 0*w = w + t*u - 15. What are the prime factors of w?
3
Suppose 0*y = 2*y - 38. List the prime factors of y.
19
List the prime factors of 5 + -3 + 3/((-3)/(-86)).
2, 11
Let q(j) = -j**3 + 18*j**2 + 6*j + 3. What are the prime factors of q(18)?
3, 37
Let i be (-4)/((-12)/9) - -5. Let g = 15 - i. What are the prime factors of g?
7
Let b(m) = 2*m - 2. Let x be b(2). What are the prime factors of (8/6)/(x/12)?
2
Let w = 29 - 11. Let f = -7 + w. List the prime factors of f.
11
Let x be (-3 - -5)/(-1 - 0). Let c(s) = 13*s**2. List the prime factors of c(x).
2, 13
Let x(d) = d**2 - d - 3. Let q be x(3). Let z be q + 2*(-1)/2. Suppose -z*j = -l - 3 - 5, j + 4*l + 14 = 0. List the prime factors of j.
2
Let s(m) = 2*m**3 - m**2 - 5*m + 6. List the prime factors of s(3).
2, 3
Suppose q - 4 = 1. Suppose -q = 3*r - 41. Let z = r + 1. What are the prime factors of z?
13
Suppose -136 = -4*q + 4. What are the prime factors of q?
5, 7
What are the prime factors of (68/12)/(2/12)?
2, 17
List the prime factors of (16/(-12))/4*-999.
3, 37
Suppose -u - 3 = -4*p - 0*u, 4*u + 12 = 2*p. Suppose -2*n + n + 46 = p. What are the prime factors of n?
2, 23
Let d(j) = 2*j**2 - 11*j - 3. What are the prime factors of d(7)?
2, 3
Suppose -45 = p - 2*p. What are the prime factors of p?
3, 5
Suppose 7*x - 2*x - 25 = 0. List the prime factors of x.
5
Let y(n) = 5*n**2 - 7*n + 8. Let t(p) = -6*p**2 + 6*p - 9. Let w(j) = 4*t(j) + 5*y(j). List the prime factors of w(12).
2
Let g = -44 + 65. Let s = 20 - 9. Let p = g - s. List the prime factors of p.
2, 5
Let t(u) = -u**2 + 6*u + 4. Let s be ((-2)/6)/((-1)/39). Suppose -2*r + 13 = b, -5*b - 2 + s = r. What are the prime factors of t(r)?
2
Suppose -21 = 5*r + 4*n, -3*r + 5*n - 2 = -19. List the prime factors of 15 - (r + (-1)/1).
17
Let u(y) = -y + 6. Suppose 0 = x - 6*x. Suppose 7*p - 3*p = x. List the prime factors of u(p).
2, 3
Let d(r) = r**3 - 5*r**2 + 3*r - 5. What are the prime factors of d(5)?
2, 5
Suppose 0 = -3*q + 7*q + 60. List the prime factors of (1 - -3)*q/(-6).
2, 5
Let b(u) be the second derivative of 19*u**4/12 + u**3/6 - u**2/2 + 4*u. List the prime factors of b(1).
19
Let u(y) = -y**3 + y**2 - 2*y + 58. List the prime factors of u(0).
2, 29
Let f(l) = -6*l - 1. Let t be f(-7). Let y = -29 + t. What are the prime factors of y?
2, 3
Let z(n) = n**2 + n + 9. What are the prime factors of z(0)?
3
Let s(v) = v**2 + 6*v - 2. Let m be s(-6). List the prime factors of 4 + m + 1 + 7.
2, 5
Let a(v) be the first derivative of v**3 - 2*v**2 - v + 1. List the prime factors of a(3).
2, 7
Let j be ((-3)/2)/(6/8). Let r(v) = 2*v**2 + 2*v. Let i be r(j). Suppose 20 + 4 = i*m. What are the prime factors of m?
2, 3
Let k(a) be the first derivative of a**6/180 + a**5/120 + a**4/24 - 2*a**3/3 - 1. Let s(h) be the third derivative of k(h). List the prime factors of s(-2).
7
Let o(k) = 3*k - 6. Let u be o(5). Let m(d) = d - 7. Let y be m(u). Suppose -y*j + 11 = -j. What are the prime factors of j?
11
Suppose -690 = -4*z - 130. What are the prime factors of z?
2, 5, 7
Let k be 3 + 2 - (0 - -1). Suppose k*t - 24 = t. List the prime factors of t.
2
Let c(z) = -z**2 + 4*z + 5. Let q be c(4). Suppose 0 = -q*f - 17 + 77. What are the prime factors of f?
2, 3
Suppose 0 = -2*k + 13 + 185. List the prime factors of k.
3, 11
Let p(b) = 20*b**2 + 1. What are the prime factors of p(2)?
3
Suppose 4*q - 2*q = -2, -5*f = 3*q - 712. What are the prime factors of f?
11, 13
Let x be (-42)/(-8) - (-2)/(-8). Suppose h - 3 - 4 = 2*v, 2*h + 5*v = 50. Suppose m = x*p - 38, -p = -4*p - 2*m + h. List the prime factors of p.
7
Let b(g) be the third derivative of -7*g**6/120 - g**5/60 + g**3/6 - 3*g**2. Let y be b(-1). Let c = y + 3. What are the prime factors of c?
2, 5
Let o(y) = -y**2 + y - 1. Let a be ((-4)/(-5))/(2/5). Let i be o(a). List the prime factors of i/6 - 11/(-2).
5
Let k = 4 - -18. What are the prime factors of k?
2, 11
Let i be ((-2)/(-3))/(4/6). List the prime factors of 2 - (2 + (-6)/i).
2, 3
Suppose -7*j = -2*j - 15. Let f = j - -8. What are the prime factors of f?
11
Let l = 3 + -1. Suppose -w - 6*h + l*h + 26 = 0, 10 = 5*h. List the prime factors of 5/(15/w) - -1.
7
Let p(j) = -j**2 - 6*j - 3. Let r be p(-6). Let m be -1 + (-3 - r) + 3. Suppose 0 = -m*v - v + 39. What are the prime factors of v?
13
Let a = 0 - 11. Let i = a + 14. List the prime factors of i.
3
Suppose -10*t = -5*t - 315. List the prime factors of t.
3, 7
Let l(i) = i**2 - i - 3. Let f be l(6). Let s = f + -15. What are the prime factors of s?
2, 3
Suppose y = 2*y - 14. List the prime factors of y.
2, 7
Suppose -234 = -5*x + 2*x. Suppose -3*h - 24 = -x. List the prime factors of h.
2, 3
Suppose 0 = -3*a - a - 24. Let q = 11 + a. List the prime factors of q.
5
Let c(l) = -1 + 3 - 2 - 2 + l. List the prime factors of c(8).
2, 3
Let t = -255 - -375. Suppose -l - t = 4*l. List the prime factors of (-4)/l - (-113)/6.
19
Let a(w) = -2*w**3 - 3*w**2 + 7*w - 10. List the prime factors of a(-5).
2, 5, 13
Let u = -6 + 8. Let m(x) = -2*x**2 + u*x + 13*x**2 + 0*x - 1 - x. List the prime factors of m(1).
11
Suppose 0*d = d - 2. Let h = 10 - 6. What are the prime factors of ((-12)/(-8))/(d/h)?
3
Let q = -20 + 43. List the prime factors of q.
23
Suppose -2*i + 15 + 57 = 0. What are the prime factors of i?
2, 3
Let u(v) = -v**3 - v**2 + 4*v + 3. Let i be (-2 - (-5 + 2))*-3. List the prime factors of u(i).
3
Suppose 0*f + 3*q = 5*f - 1